 remainder when 385123 is divided by 116?
3
What is the remainder when 13958825 is divided by 21?
20
Calculate the remainder when 43200 is divided by 102.
54
Calculate the remainder when 302883 is divided by 301738.
1145
What is the remainder when 578425 is divided by 192791?
52
What is the remainder when 4773683 is divided by 37?
17
What is the remainder when 6972 is divided by 108?
60
Calculate the remainder when 6116450 is divided by 563.
18
Calculate the remainder when 1846313 is divided by 898.
25
What is the remainder when 141538 is divided by 70617?
304
Calculate the remainder when 2402963 is divided by 23556.
251
Calculate the remainder when 330084 is divided by 403.
27
What is the remainder when 5810545 is divided by 363157?
33
Calculate the remainder when 1118855 is divided by 2503.
14
Calculate the remainder when 354667 is divided by 354501.
166
What is the remainder when 1672518 is divided by 58?
30
What is the remainder when 298333 is divided by 15673?
546
What is the remainder when 63996538 is divided by 24?
10
Calculate the remainder when 18817 is divided by 37.
21
Calculate the remainder when 10120453 is divided by 281123.
25
What is the remainder when 3067472 is divided by 69715?
12
Calculate the remainder when 366612 is divided by 182856.
900
What is the remainder when 69455697 is divided by 2021?
2011
Calculate the remainder when 221778264 is divided by 15.
9
Calculate the remainder when 30063272 is divided by 215.
37
Calculate the remainder when 297282020 is divided by 123.
122
Calculate the remainder when 2425246 is divided by 1533.
40
Calculate the remainder when 28974563 is divided by 3249.
3230
Calculate the remainder when 3868223 is divided by 66691.
145
What is the remainder when 59816522 is divided by 1079?
1078
What is the remainder when 53234 is divided by 170?
24
What is the remainder when 77054715 is divided by 9?
0
What is the remainder when 22442229 is divided by 304?
37
Calculate the remainder when 13010125 is divided by 7477.
145
What is the remainder when 302644 is divided by 18907?
132
What is the remainder when 452802 is divided by 226167?
468
What is the remainder when 1274263 is divided by 2131?
2056
What is the remainder when 729974 is divided by 20277?
2
Calculate the remainder when 42257892 is divided by 40.
12
What is the remainder when 33821 is divided by 7950?
2021
Calculate the remainder when 100302136 is divided by 13.
12
Calculate the remainder when 661084 is divided by 220191.
511
What is the remainder when 548676 is divided by 8077?
7517
Calculate the remainder when 13435 is divided by 1763.
1094
What is the remainder when 4978727 is divided by 1160?
7
What is the remainder when 167804 is divided by 6210?
134
What is the remainder when 20778618 is divided by 2968363?
77
What is the remainder when 12619 is divided by 1924?
1075
Calculate the remainder when 3184998 is divided by 1187.
277
Calculate the remainder when 28694853 is divided by 919.
916
Calculate the remainder when 56694757 is divided by 153.
148
Calculate the remainder when 11579969 is divided by 5789970.
29
What is the remainder when 3880172 is divided by 2?
0
Calculate the remainder when 7789855 is divided by 1557968.
15
What is the remainder when 6413981 is divided by 7537?
7531
What is the remainder when 4659147 is divided by 23?
14
What is the remainder when 277611 is divided by 13219?
12
Calculate the remainder when 22483 is divided by 22268.
215
What is the remainder when 874628 is divided by 9826?
114
What is the remainder when 1824888 is divided by 275?
263
Calculate the remainder when 467387 is divided by 2955.
497
Calculate the remainder when 130749 is divided by 163.
23
What is the remainder when 140371 is divided by 69309?
1753
What is the remainder when 1882820 is divided by 77?
16
Calculate the remainder when 35821989 is divided by 19.
16
Calculate the remainder when 5193 is divided by 2272.
649
What is the remainder when 231267 is divided by 28907?
11
Calculate the remainder when 469757 is divided by 13815.
47
Calculate the remainder when 739116 is divided by 5557.
35
What is the remainder when 40600164 is divided by 98068?
12
Calculate the remainder when 7042965 is divided by 1736.
13
What is the remainder when 139351 is divided by 23155?
421
What is the remainder when 54597009 is divided by 130?
129
What is the remainder when 31656 is divided by 5565?
3831
What is the remainder when 35655 is divided by 8298?
2463
What is the remainder when 43082243 is divided by 5450?
5443
Calculate the remainder when 4087997 is divided by 5774.
5
Calculate the remainder when 392009 is divided by 7015.
6184
What is the remainder when 158392 is divided by 36?
28
What is the remainder when 329420 is divided by 506?
14
Calculate the remainder when 1173535 is divided by 21337.
0
Calculate the remainder when 13347272 is divided by 129585.
17
What is the remainder when 969875 is divided by 68?
59
What is the remainder when 55234681 is divided by 1071?
1069
Calculate the remainder when 177133 is divided by 657.
400
Calculate the remainder when 49863272 is divided by 36.
32
What is the remainder when 975623 is divided by 3730?
2093
What is the remainder when 434953 is divided by 178?
99
Calculate the remainder when 38808 is divided by 1181.
1016
Calculate the remainder when 121066220 is divided by 17295173.
9
Calculate the remainder when 1498765 is divided by 1.
0
Calculate the remainder when 2414350094 is divided by 1993.
1992
Calculate the remainder when 80249720 is divided by 627.
617
What is the remainder when 25210123 is divided by 5373?
7
What is the remainder when 1794103 is divided by 94406?
389
Calculate the remainder when 6624788 is divided by 702.
14
What is the remainder when 67168699 is divided by 326?
311
Calculate the remainder when 281744 is divided by 1025.
894
Calculate the remainder when 24520825 is divided by 1453.
1450
Calculate the remainder when 1005837 is divided by 43732.
1
What is the remainder when 138078 is divided by 66135?
5808
Calculate the remainder when 12078 is divided by 5269.
1540
What is the remainder when 20555 is divided by 19389?
1166
What is the remainder when 62153 is divided by 15473?
261
What is the remainder when 699557 is divided by 142?
65
Calculate the remainder when 99795 is divided by 2489.
235
Calculate the remainder when 29462 is divided by 49.
13
Calculate the remainder when 117295 is divided by 388.
119
What is the remainder when 1277745 is divided by 3057?
2976
Calculate the remainder when 39890397 is divided by 8.
5
Calculate the remainder when 69777381 is divided by 2052275.
31
What is the remainder when 899606 is divided by 899582?
24
Calculate the remainder when 86178248 is divided by 28726082.
2
What is the remainder when 2410868 is divided by 25?
18
What is the remainder when 3745942 is divided by 539?
431
Calculate the remainder when 82819824 is divided by 1442.
1438
Calculate the remainder when 25942555 is divided by 2940.
2935
What is the remainder when 1384909 is divided by 444?
73
What is the remainder when 17300998 is divided by 120?
118
What is the remainder when 94769957 is divided by 10?
7
Calculate the remainder when 107045 is divided by 128.
37
Calculate the remainder when 89620266 is divided by 73.
64
What is the remainder when 235824 is divided by 958?
156
What is the remainder when 10794054 is divided by 269851?
14
What is the remainder when 7142483 is divided by 1785618?
11
What is the remainder when 18126088 is divided by 2207?
2204
Calculate the remainder when 222865 is divided by 313.
9
What is the remainder when 940460 is divided by 4700?
460
Calculate the remainder when 43881502 is divided by 13.
2
Calculate the remainder when 843947 is divided by 25.
22
What is the remainder when 420815 is divided by 1010?
655
Calculate the remainder when 178255451 is divided by 6422.
6419
What is the remainder when 752202 is divided by 140?
122
Calculate the remainder when 13855779 is divided by 407522.
31
What is the remainder when 481992 is divided by 20047?
864
Calculate the remainder when 38581 is divided by 6394.
217
What is the remainder when 23934803 is divided by 441?
410
What is the remainder when 159626 is divided by 689?
467
Calculate the remainder when 36127